{"id":3098,"date":"2022-05-19T10:32:33","date_gmt":"2022-05-19T10:32:33","guid":{"rendered":"https:\/\/bellvitge.escolateresiana.com\/alumnado\/"},"modified":"2024-05-16T08:23:39","modified_gmt":"2024-05-16T08:23:39","slug":"alumnado","status":"publish","type":"page","link":"https:\/\/bellvitge.escolateresiana.com\/es\/alumnado\/","title":{"rendered":"Alumnado"},"content":{"rendered":"<p>[vc_row css_animation=\u00bb\u00bb row_type=\u00bbrow\u00bb use_row_as_full_screen_section=\u00bbno\u00bb type=\u00bbfull_width\u00bb angled_section=\u00bbno\u00bb text_align=\u00bbleft\u00bb background_image_as_pattern=\u00bbwithout_pattern\u00bb][vc_column][qode_elements_holder number_of_columns=\u00bbtwo_columns\u00bb][qode_elements_holder_item vertical_alignment=\u00bbmiddle\u00bb advanced_animations=\u00bbno\u00bb item_padding=\u00bb0px 60px 0px 60px\u00bb][vc_column_text]<\/p>\n<h3><span style=\"color: #45ac34;\">ALUMNOS PARA EL FUTURO<\/span><\/h3>\n<p>&nbsp;<\/p>\n<p>So\u00f1amos con personas <strong>\u00edntegras<\/strong> y <strong>responsables<\/strong>, que se conviertan en felices y alegres: <strong>personas capaces de cambiar el mundo<\/strong>. As\u00ed, nuestras metodolog\u00edas, espacios, experiencias y modelos de convivencia que proponemos tienen como finalidad que nuestros alumnos alcancen el objetivo de consolidar su identidad, y tambi\u00e9n de transformar la sociedad en la que viven.[\/vc_column_text][vc_empty_space height=\u00bb20px\u00bb][\/qode_elements_holder_item][qode_elements_holder_item advanced_animations=\u00bbno\u00bb][vc_single_image image=\u00bb2819&#8243; img_size=\u00bbfull\u00bb qode_css_animation=\u00bb\u00bb][\/qode_elements_holder_item][\/qode_elements_holder][\/vc_column][\/vc_row][vc_row css_animation=\u00bbelement_from_right\u00bb row_type=\u00bbrow\u00bb use_row_as_full_screen_section=\u00bbno\u00bb type=\u00bbfull_width\u00bb angled_section=\u00bbno\u00bb text_align=\u00bbleft\u00bb background_image_as_pattern=\u00bbwithout_pattern\u00bb css=\u00bb.vc_custom_1652082657161{background-color: #ffffff !important;}\u00bb z_index=\u00bb\u00bb][vc_column css_animation=\u00bbzoomIn\u00bb][vc_empty_space height=\u00bb90px\u00bb][vc_column_text]<\/p>\n<h2 style=\"text-align: center;\"><span style=\"color: #45ac34; margin-left: 60px;\">#somosteresianos<\/span><\/h2>\n<p>[\/vc_column_text][vc_empty_space height=\u00bb90px\u00bb][vc_row_inner row_type=\u00bbrow\u00bb type=\u00bbgrid\u00bb text_align=\u00bbleft\u00bb css_animation=\u00bb\u00bb][vc_column_inner width=\u00bb1\/3&#8243;][vc_single_image image=\u00bb2569&#8243; img_size=\u00bbfull\u00bb alignment=\u00bbcenter\u00bb qode_css_animation=\u00bb\u00bb][vc_empty_space][vc_column_text]<\/p>\n<p style=\"text-align: center;\"><strong>Personas en proceso<\/strong> constante de autoconocimiento, responsables, libres, aut\u00f3nomas y emocionalmente inteligentes.<\/p>\n<p>[\/vc_column_text][vc_empty_space][\/vc_column_inner][vc_column_inner width=\u00bb1\/3&#8243;][vc_single_image image=\u00bb2568&#8243; img_size=\u00bbfull\u00bb alignment=\u00bbcenter\u00bb qode_css_animation=\u00bb\u00bb][vc_empty_space][vc_column_text]<\/p>\n<p style=\"text-align: center;\"><strong>Sujetos de encuentro<\/strong>, abiertos, dialogantes, acogedores, emp\u00e1ticos y compasivos. Miramos a los dem\u00e1s y al mundo con una mirada respetuosa, positiva y constructiva.<\/p>\n<p>[\/vc_column_text][vc_empty_space][\/vc_column_inner][vc_column_inner width=\u00bb1\/3&#8243;][vc_single_image image=\u00bb2567&#8243; img_size=\u00bbfull\u00bb alignment=\u00bbcenter\u00bb qode_css_animation=\u00bb\u00bb][vc_empty_space][vc_column_text]<\/p>\n<p style=\"text-align: center;\"><strong>Protagonistas de nuestro aprendizaje,<\/strong> aut\u00f3nomos y reflexivos. Miembros activos de nuestra comunidad. Creativos, capaces de asumir cambios y convertirse en creadores de nuevas posibilidades.<\/p>\n<p>[\/vc_column_text][vc_empty_space][\/vc_column_inner][\/vc_row_inner][vc_empty_space][vc_row_inner row_type=\u00bbrow\u00bb type=\u00bbgrid\u00bb text_align=\u00bbleft\u00bb css_animation=\u00bb\u00bb][vc_column_inner width=\u00bb1\/6&#8243;][\/vc_column_inner][vc_column_inner width=\u00bb1\/3&#8243;][vc_single_image image=\u00bb2566&#8243; img_size=\u00bbfull\u00bb alignment=\u00bbcenter\u00bb qode_css_animation=\u00bb\u00bb][vc_empty_space][vc_column_text]<\/p>\n<p style=\"text-align: center;\"><strong>Transformadores sociales<\/strong>, proactivos, inclusivos y sensibles a las diversas realidades, con esp\u00edritu cr\u00edtico y \u00e9tico; dotados de una mirada comprensiva y cr\u00edtica del entorno. Nos sentimos comprometidos con la sostenibilidad del planeta, la \u00e9tica y la justicia social.<\/p>\n<p>[\/vc_column_text][vc_empty_space][\/vc_column_inner][vc_column_inner width=\u00bb1\/3&#8243;][vc_single_image image=\u00bb2565&#8243; img_size=\u00bbfull\u00bb alignment=\u00bbcenter\u00bb qode_css_animation=\u00bb\u00bb][vc_empty_space][vc_column_text]<\/p>\n<p style=\"text-align: center;\"><strong>Creyentes teresianos<\/strong>, cultivamos nuestra interioridad y espiritualidad, estamos abiertos a la trascendencia y a la relaci\u00f3n con Dios, bajo la luz de los valores teresianos que nos identifican.<\/p>\n<p>[\/vc_column_text][vc_empty_space][\/vc_column_inner][vc_column_inner width=\u00bb1\/6&#8243;][\/vc_column_inner][\/vc_row_inner][vc_empty_space height=\u00bb90px\u00bb][\/vc_column][\/vc_row][vc_row css_animation=\u00bb\u00bb row_type=\u00bbrow\u00bb use_row_as_full_screen_section=\u00bbno\u00bb type=\u00bbgrid\u00bb angled_section=\u00bbno\u00bb text_align=\u00bbleft\u00bb background_image_as_pattern=\u00bbwithout_pattern\u00bb css=\u00bb.vc_custom_1673351520889{background-image: url(https:\/\/bellvitge.escolateresiana.com\/wp-content\/uploads\/2022\/05\/SLIDE-SIN.png?id=493) !important;background-position: center !important;background-repeat: no-repeat !important;background-size: contain !important;}\u00bb z_index=\u00bb\u00bb padding_top=\u00bb80&#8243; padding_bottom=\u00bb80&#8243;][vc_column][vc_column_text][\/vc_column_text][vc_empty_space]<div class='testimonials_c_holder clearfix dark'><div class=\"testimonials_c testimonials_c_carousel\" data-show-navigation=\"yes\" data-animation-speed=\"\" data-auto-rotate-slides=\"5\" data-number-per-slide=\"1\"><ul class=\"slides\"><li id=\"testimonials-c-3150\" class=\"testimonial_content\"><div class=\"testimonial_content_inner\"><div class=\"testimonial_image_holder\"><img decoding=\"async\" src=\"\" \/><\/div><div class=\"testimonial_text_holder\"><div class=\"testimonial_text_inner\" style=\"\"><p>\u201cPara nosotros, el colegio Padre Enrique de Oss\u00f3 ha supuesto formar parte de una familia, la familia teresiana. No s\u00f3lo estamos satisfechos con la formaci\u00f3n acad\u00e9mica de nuestros hijos, sino tambi\u00e9n con la excelente labor que han hecho para formarles como personas que en un futuro van a tener que estar preparados para cualquier situaci\u00f3n\u201d.<\/p><p class=\"testimonial_author\" style=\"\">-P. Maroto <\/p><\/div><\/div><\/div><\/li><li id=\"testimonials-c-3136\" class=\"testimonial_content\"><div class=\"testimonial_content_inner\"><div class=\"testimonial_image_holder\"><img decoding=\"async\" src=\"\" \/><\/div><div class=\"testimonial_text_holder\"><div class=\"testimonial_text_inner\" style=\"\"><p>Soy antigua alumna y actualmente madre de dos alumnos del centro. Para m\u00ed, el colegio ha sido y sigue siendo mi casa. Destacar\u00eda el gran cari\u00f1o y acompa\u00f1amiento por parte del profesorado. Aparte de conocimientos, forman personas aport\u00e1ndonos valores como la humildad, la solidaridad, la amistad y el respeto hacia los dem\u00e1s \u00a1Orgullosa de formar y de que mis hijos formen parte de esta gran familia!\u201d<\/p><p class=\"testimonial_author\" style=\"\">-M. Sereno <\/p><\/div><\/div><\/div><\/li><li id=\"testimonials-c-3203\" class=\"testimonial_content\"><div class=\"testimonial_content_inner\"><div class=\"testimonial_image_holder\"><img decoding=\"async\" src=\"\" \/><\/div><div class=\"testimonial_text_holder\"><div class=\"testimonial_text_inner\" style=\"\"><p>La escuela Padre Enrique de Oss\u00f3 es la familia educativa que nosotros, como padres, hemos elegido para nuestros hijos. Mi familia est\u00e1 vinculada a la escuela desde hace veinte a\u00f1os. En esta escuela los chicos y chicas han alcanzado un nivel acad\u00e9mico elevado, que les ha servido para continuar sus estudios e incorporarse al mundo laboral. Pero yo destacar\u00eda el trabajo de todo el equipo escolar para acompa\u00f1arles en su infancia y adolescencia. Les han ayudado a forjar su car\u00e1cter, a superar inseguridades, a afrontar nuevos retos y asumir valores personales que permanecer\u00e1n en ellos. Siempre hemos tenido una comunicaci\u00f3n directa y de confianza con el colegio para conseguir nuestro objetivo: el bienestar de nuestros hijos\u201d.<\/p><p class=\"testimonial_author\" style=\"\">-M. Iglesias <\/p><\/div><\/div><\/div><\/li><li id=\"testimonials-c-3191\" class=\"testimonial_content\"><div class=\"testimonial_content_inner\"><div class=\"testimonial_image_holder\"><img decoding=\"async\" src=\"\" \/><\/div><div class=\"testimonial_text_holder\"><div class=\"testimonial_text_inner\" style=\"\"><p>\u201cDespu\u00e9s de pasar quince a\u00f1os en la escuela, puedo decir con seguridad que el Padre Enrique de Oss\u00f3 ha sido mi segunda casa. Aqu\u00ed he crecido como estudiante y como persona. Tambi\u00e9n es el lugar en el que he forjado mis amistades hasta el d\u00eda de hoy. Los profesores me ense\u00f1aron el valor de la empat\u00eda y el respeto a los dem\u00e1s. Gran parte de lo que soy hoy es gracias a todo lo vivido en la escuela\u201d.<\/p><p class=\"testimonial_author\" style=\"\">-A. Parre\u00f1o <\/p><\/div><\/div><\/div><\/li><\/ul><\/div><\/div>[\/vc_column][\/vc_row]<\/p>\n","protected":false},"excerpt":{"rendered":"<p>[vc_row css_animation=\u00bb\u00bb row_type=\u00bbrow\u00bb use_row_as_full_screen_section=\u00bbno\u00bb type=\u00bbfull_width\u00bb angled_section=\u00bbno\u00bb text_align=\u00bbleft\u00bb background_image_as_pattern=\u00bbwithout_pattern\u00bb][vc_column][qode_elements_holder number_of_columns=\u00bbtwo_columns\u00bb][qode_elements_holder_item vertical_alignment=\u00bbmiddle\u00bb advanced_animations=\u00bbno\u00bb item_padding=\u00bb0px 60px 0px 60px\u00bb][vc_column_text] ALUMNOS PARA EL FUTURO &nbsp; So\u00f1amos con personas \u00edntegras y responsables, que se conviertan en felices y alegres: personas capaces de cambiar el mundo. As\u00ed, nuestras metodolog\u00edas, espacios, experiencias y&#8230;<\/p>\n","protected":false},"author":1,"featured_media":0,"parent":0,"menu_order":0,"comment_status":"closed","ping_status":"closed","template":"full_width.php","meta":{"footnotes":""},"class_list":["post-3098","page","type-page","status-publish","hentry"],"_links":{"self":[{"href":"https:\/\/bellvitge.escolateresiana.com\/es\/wp-json\/wp\/v2\/pages\/3098","targetHints":{"allow":["GET"]}}],"collection":[{"href":"https:\/\/bellvitge.escolateresiana.com\/es\/wp-json\/wp\/v2\/pages"}],"about":[{"href":"https:\/\/bellvitge.escolateresiana.com\/es\/wp-json\/wp\/v2\/types\/page"}],"author":[{"embeddable":true,"href":"https:\/\/bellvitge.escolateresiana.com\/es\/wp-json\/wp\/v2\/users\/1"}],"replies":[{"embeddable":true,"href":"https:\/\/bellvitge.escolateresiana.com\/es\/wp-json\/wp\/v2\/comments?post=3098"}],"version-history":[{"count":5,"href":"https:\/\/bellvitge.escolateresiana.com\/es\/wp-json\/wp\/v2\/pages\/3098\/revisions"}],"predecessor-version":[{"id":3385,"href":"https:\/\/bellvitge.escolateresiana.com\/es\/wp-json\/wp\/v2\/pages\/3098\/revisions\/3385"}],"wp:attachment":[{"href":"https:\/\/bellvitge.escolateresiana.com\/es\/wp-json\/wp\/v2\/media?parent=3098"}],"curies":[{"name":"wp","href":"https:\/\/api.w.org\/{rel}","templated":true}]}}

<p>[vc_row css_animation=»» row_type=»row» use_row_as_full_screen_section=»no» type=»full_width» angled_section=»no» text_align=»left» background_image_as_pattern=»without_pattern»][vc_column][qode_elements_holder number_of_columns=»two_columns»][qode_elements_holder_item vertical_alignment=»middle» advanced_animations=»no» item_padding=»0px 60px 0px 60px»][vc_column_text]</p>
<h3><span style="color: #45ac34;">ALUMNOS PARA EL FUTURO</span></h3>
<p>&nbsp;</p>
<p>Soñamos con personas <strong>íntegras</strong> y <strong>responsables</strong>, que se conviertan en felices y alegres: <strong>personas capaces de cambiar el mundo</strong>. Así, nuestras metodologías, espacios, experiencias y modelos de convivencia que proponemos tienen como finalidad que nuestros alumnos alcancen el objetivo de consolidar su identidad, y también de transformar la sociedad en la que viven.[/vc_column_text][vc_empty_space height=»20px»][/qode_elements_holder_item][qode_elements_holder_item advanced_animations=»no»][vc_single_image image=»2819&#8243; img_size=»full» qode_css_animation=»»][/qode_elements_holder_item][/qode_elements_holder][/vc_column][/vc_row][vc_row css_animation=»element_from_right» row_type=»row» use_row_as_full_screen_section=»no» type=»full_width» angled_section=»no» text_align=»left» background_image_as_pattern=»without_pattern» css=».vc_custom_1652082657161{background-color: #ffffff !important;}» z_index=»»][vc_column css_animation=»zoomIn»][vc_empty_space height=»90px»][vc_column_text]</p>
<h2 style="text-align: center;"><span style="color: #45ac34; margin-left: 60px;">#somosteresianos</span></h2>
<p>[/vc_column_text][vc_empty_space height=»90px»][vc_row_inner row_type=»row» type=»grid» text_align=»left» css_animation=»»][vc_column_inner width=»1/3&#8243;][vc_single_image image=»2569&#8243; img_size=»full» alignment=»center» qode_css_animation=»»][vc_empty_space][vc_column_text]</p>
<p style="text-align: center;"><strong>Personas en proceso</strong> constante de autoconocimiento, responsables, libres, autónomas y emocionalmente inteligentes.</p>
<p>[/vc_column_text][vc_empty_space][/vc_column_inner][vc_column_inner width=»1/3&#8243;][vc_single_image image=»2568&#8243; img_size=»full» alignment=»center» qode_css_animation=»»][vc_empty_space][vc_column_text]</p>
<p style="text-align: center;"><strong>Sujetos de encuentro</strong>, abiertos, dialogantes, acogedores, empáticos y compasivos. Miramos a los demás y al mundo con una mirada respetuosa, positiva y constructiva.</p>
<p>[/vc_column_text][vc_empty_space][/vc_column_inner][vc_column_inner width=»1/3&#8243;][vc_single_image image=»2567&#8243; img_size=»full» alignment=»center» qode_css_animation=»»][vc_empty_space][vc_column_text]</p>
<p style="text-align: center;"><strong>Protagonistas de nuestro aprendizaje,</strong> autónomos y reflexivos. Miembros activos de nuestra comunidad. Creativos, capaces de asumir cambios y convertirse en creadores de nuevas posibilidades.</p>
<p>[/vc_column_text][vc_empty_space][/vc_column_inner][/vc_row_inner][vc_empty_space][vc_row_inner row_type=»row» type=»grid» text_align=»left» css_animation=»»][vc_column_inner width=»1/6&#8243;][/vc_column_inner][vc_column_inner width=»1/3&#8243;][vc_single_image image=»2566&#8243; img_size=»full» alignment=»center» qode_css_animation=»»][vc_empty_space][vc_column_text]</p>
<p style="text-align: center;"><strong>Transformadores sociales</strong>, proactivos, inclusivos y sensibles a las diversas realidades, con espíritu crítico y ético; dotados de una mirada comprensiva y crítica del entorno. Nos sentimos comprometidos con la sostenibilidad del planeta, la ética y la justicia social.</p>
<p>[/vc_column_text][vc_empty_space][/vc_column_inner][vc_column_inner width=»1/3&#8243;][vc_single_image image=»2565&#8243; img_size=»full» alignment=»center» qode_css_animation=»»][vc_empty_space][vc_column_text]</p>
<p style="text-align: center;"><strong>Creyentes teresianos</strong>, cultivamos nuestra interioridad y espiritualidad, estamos abiertos a la trascendencia y a la relación con Dios, bajo la luz de los valores teresianos que nos identifican.</p>
<p>[/vc_column_text][vc_empty_space][/vc_column_inner][vc_column_inner width=»1/6&#8243;][/vc_column_inner][/vc_row_inner][vc_empty_space height=»90px»][/vc_column][/vc_row][vc_row css_animation=»» row_type=»row» use_row_as_full_screen_section=»no» type=»grid» angled_section=»no» text_align=»left» background_image_as_pattern=»without_pattern» css=».vc_custom_1673351520889{background-image: url(https://bellvitge.escolateresiana.com/wp-content/uploads/2022/05/SLIDE-SIN.png?id=493) !important;background-position: center !important;background-repeat: no-repeat !important;background-size: contain !important;}» z_index=»» padding_top=»80&#8243; padding_bottom=»80&#8243;][vc_column][vc_column_text][/vc_column_text][vc_empty_space]<div class='testimonials_c_holder clearfix dark'><div class="testimonials_c testimonials_c_carousel" data-show-navigation="yes" data-animation-speed="" data-auto-rotate-slides="5" data-number-per-slide="1"><ul class="slides"><li id="testimonials-c-3150" class="testimonial_content"><div class="testimonial_content_inner"><div class="testimonial_image_holder"><img decoding="async" src="" /></div><div class="testimonial_text_holder"><div class="testimonial_text_inner" style=""><p>“Para nosotros, el colegio Padre Enrique de Ossó ha supuesto formar parte de una familia, la familia teresiana. No sólo estamos satisfechos con la formación académica de nuestros hijos, sino también con la excelente labor que han hecho para formarles como personas que en un futuro van a tener que estar preparados para cualquier situación”.</p><p class="testimonial_author" style="">-P. Maroto </p></div></div></div></li><li id="testimonials-c-3136" class="testimonial_content"><div class="testimonial_content_inner"><div class="testimonial_image_holder"><img decoding="async" src="" /></div><div class="testimonial_text_holder"><div class="testimonial_text_inner" style=""><p>Soy antigua alumna y actualmente madre de dos alumnos del centro. Para mí, el colegio ha sido y sigue siendo mi casa. Destacaría el gran cariño y acompañamiento por parte del profesorado. Aparte de conocimientos, forman personas aportándonos valores como la humildad, la solidaridad, la amistad y el respeto hacia los demás ¡Orgullosa de formar y de que mis hijos formen parte de esta gran familia!”</p><p class="testimonial_author" style="">-M. Sereno </p></div></div></div></li><li id="testimonials-c-3203" class="testimonial_content"><div class="testimonial_content_inner"><div class="testimonial_image_holder"><img decoding="async" src="" /></div><div class="testimonial_text_holder"><div class="testimonial_text_inner" style=""><p>La escuela Padre Enrique de Ossó es la familia educativa que nosotros, como padres, hemos elegido para nuestros hijos. Mi familia está vinculada a la escuela desde hace veinte años. En esta escuela los chicos y chicas han alcanzado un nivel académico elevado, que les ha servido para continuar sus estudios e incorporarse al mundo laboral. Pero yo destacaría el trabajo de todo el equipo escolar para acompañarles en su infancia y adolescencia. Les han ayudado a forjar su carácter, a superar inseguridades, a afrontar nuevos retos y asumir valores personales que permanecerán en ellos. Siempre hemos tenido una comunicación directa y de confianza con el colegio para conseguir nuestro objetivo: el bienestar de nuestros hijos”.</p><p class="testimonial_author" style="">-M. Iglesias </p></div></div></div></li><li id="testimonials-c-3191" class="testimonial_content"><div class="testimonial_content_inner"><div class="testimonial_image_holder"><img decoding="async" src="" /></div><div class="testimonial_text_holder"><div class="testimonial_text_inner" style=""><p>“Después de pasar quince años en la escuela, puedo decir con seguridad que el Padre Enrique de Ossó ha sido mi segunda casa. Aquí he crecido como estudiante y como persona. También es el lugar en el que he forjado mis amistades hasta el día de hoy. Los profesores me enseñaron el valor de la empatía y el respeto a los demás. Gran parte de lo que soy hoy es gracias a todo lo vivido en la escuela”.</p><p class="testimonial_author" style="">-A. Parreño </p></div></div></div></li></ul></div></div>[/vc_column][/vc_row]</p>

<p>[vc_row css_animation=»» row_type=»row» use_row_as_full_screen_section=»no» type=»full_width» angled_section=»no» text_align=»left» background_image_as_pattern=»without_pattern»][vc_column][qode_elements_holder number_of_columns=»two_columns»][qode_elements_holder_item vertical_alignment=»middle» advanced_animations=»no» item_padding=»0px 60px 0px 60px»][vc_column_text] ALUMNOS PARA EL FUTURO &nbsp; Soñamos con personas íntegras y responsables, que se conviertan en felices y alegres: personas capaces de cambiar el mundo. Así, nuestras metodologías, espacios, experiencias y&#8230;</p>
