{"id":3184,"date":"2022-06-01T09:01:42","date_gmt":"2022-06-01T09:01:42","guid":{"rendered":"https:\/\/bellvitge.escolateresiana.com\/idiomas\/"},"modified":"2024-05-16T09:25:59","modified_gmt":"2024-05-16T09:25:59","slug":"idiomas","status":"publish","type":"page","link":"https:\/\/bellvitge.escolateresiana.com\/es\/idiomas\/","title":{"rendered":"Idiomas"},"content":{"rendered":"<p>[vc_row css_animation=\u00bb\u00bb row_type=\u00bbrow\u00bb use_row_as_full_screen_section=\u00bbno\u00bb type=\u00bbfull_width\u00bb angled_section=\u00bbno\u00bb text_align=\u00bbleft\u00bb background_image_as_pattern=\u00bbwithout_pattern\u00bb][vc_column][qode_elements_holder number_of_columns=\u00bbtwo_columns\u00bb][qode_elements_holder_item advanced_animations=\u00bbno\u00bb][vc_single_image image=\u00bb2846&#8243; img_size=\u00bbfull\u00bb qode_css_animation=\u00bb\u00bb][\/qode_elements_holder_item][qode_elements_holder_item advanced_animations=\u00bbno\u00bb item_padding=\u00bb0px 30px 0px 30px\u00bb background_image=\u00bb1360&#8243;][vc_column_text css=\u00bb.vc_custom_1685008875340{padding-top: 15px !important;padding-right: 15px !important;padding-bottom: 15px !important;padding-left: 15px !important;background-color: rgba(255,255,255,0.71) !important;*background-color: rgb(255,255,255) !important;}\u00bb]<\/p>\n<h2><span style=\"color: #45ac34;\">Las palabras y una buena comunicaci\u00f3n nos abren las fronteras del mundo<\/span><\/h2>\n<p>&nbsp;<\/p>\n<p>&nbsp;<\/p>\n<p>En un mundo globalizado como el nuestro, se precisa la adquisici\u00f3n de todas las destrezas comunicativas necesarias para desarrollarse de forma \u00f3ptima. As\u00ed, aprender a hacer un <strong>uso adecuado del lenguaje,<\/strong> es fundamental en todos los aprendizajes para que \u00e9stos sean efectivos.<\/p>\n<p>&nbsp;<\/p>\n<p>El aprendizaje de las lenguas en nuestra escuela se realiza de forma vivencial, a partir de situaciones comunicativas reales.[\/vc_column_text][\/qode_elements_holder_item][\/qode_elements_holder][\/vc_column][\/vc_row][vc_row css_animation=\u00bb\u00bb row_type=\u00bbrow\u00bb use_row_as_full_screen_section=\u00bbno\u00bb type=\u00bbgrid\u00bb angled_section=\u00bbno\u00bb text_align=\u00bbleft\u00bb background_image_as_pattern=\u00bbwithout_pattern\u00bb z_index=\u00bb\u00bb padding_top=\u00bb60&#8243; padding_bottom=\u00bb60&#8243;][vc_column][vc_single_image image=\u00bb2740&#8243; img_size=\u00bbfull\u00bb alignment=\u00bbcenter\u00bb qode_css_animation=\u00bb\u00bb][vc_column_text]<\/p>\n<h3 class=\" ztl-main-font ztl-left ztl-font-normal\" style=\"text-align: center;\"><span style=\"color: #45ac34;\">Un aprendizaje que parte del conocimiento de nuestra lengua.<\/span><\/h3>\n<div>\n<p>&nbsp;<\/p>\n<p style=\"text-align: center;\">El desarrollo de nuevas lenguas parte del aprendizaje de las que nos son propias. Por eso, hacemos hincapi\u00e9 en el desarrollo de las competencias comunicativas del alumnado, tanto en <b>catal\u00e1n<\/b> como en <b>castellano<\/b>. El componente transversal de las lenguas garantiza un buen desarrollo de \u00e9stas en cualquier \u00e1mbito y contexto.<\/p>\n<\/div>\n<p>[\/vc_column_text][\/vc_column][\/vc_row][vc_row css_animation=\u00bb\u00bb row_type=\u00bbrow\u00bb use_row_as_full_screen_section=\u00bbno\u00bb type=\u00bbgrid\u00bb angled_section=\u00bbno\u00bb text_align=\u00bbleft\u00bb background_image_as_pattern=\u00bbwithout_pattern\u00bb z_index=\u00bb\u00bb background_color=\u00bb#ffffff\u00bb][vc_column][vc_empty_space height=\u00bb90px\u00bb][vc_column_text]<\/p>\n<h3 style=\"text-align: center;\"><span style=\"color: #45ac34;\">Formaci\u00f3n pluriling\u00fce<\/span><\/h3>\n<p>[\/vc_column_text][vc_empty_space height=\u00bb90px\u00bb][\/vc_column][\/vc_row][vc_row css_animation=\u00bb\u00bb row_type=\u00bbrow\u00bb use_row_as_full_screen_section=\u00bbno\u00bb type=\u00bbgrid\u00bb angled_section=\u00bbno\u00bb text_align=\u00bbleft\u00bb background_image_as_pattern=\u00bbwithout_pattern\u00bb z_index=\u00bb\u00bb background_color=\u00bb#ffffff\u00bb][vc_column width=\u00bb1\/2&#8243;][vc_single_image image=\u00bb2752&#8243; img_size=\u00bbfull\u00bb qode_css_animation=\u00bb\u00bb][\/vc_column][vc_column width=\u00bb1\/2&#8243; css=\u00bb.vc_custom_1673433258033{background-color: #d9efc6 !important;}\u00bb]<div class=\"qode-accordion-holder clearfix qode-accordion qode-initial \">\n\t<h4 class=\"clearfix qode-title-holder\">\n<span class=\"qode-tab-title\">\n\t    <span class=\"qode-tab-title-inner\">\n        INGL\u00c9S    <\/span>\n<\/span>\n<span class=\"qode-accordion-mark\">\n    <span class=\"qode-accordion-mark-icon\">\n        <span class=\"icon_plus\"><\/span>\n        <span class=\"icon_minus-06\"><\/span>\n    <\/span>\n<\/span>\n<\/h4>\n<div  class=\"qode-accordion-content \" >\n    <div class=\"qode-accordion-content-inner\">\n        [vc_column_text]Para educar al alumnado del siglo XXI debemos formar personas <strong>pluriling\u00fces<\/strong>, <strong>competentes<\/strong> y <strong>rigurosas<\/strong> en la comunicaci\u00f3n. Queremos que nuestro alumnado acabe su etapa escolar utilizando la lengua inglesa de forma fluida (hablar, escribir, leer, escuchar). Por eso contamos con un programa propio de aprendizaje desde Infantil hasta Bachillerato que fortalece el ingl\u00e9s curricular con numerosas actividades e inmersiones, a la vez que prepara a nuestros chicos y chicas para conseguir titulaciones oficiales que acrediten su nivel.<\/p>\n<p>&nbsp;<\/p>\n<ul>\n<li>Aumento de horas lectivas de ingl\u00e9s.<\/li>\n<li>Trinity Oxford. Competencia oral al terminar 6\u00ba EP.<\/li>\n<li>Auxiliar de conversaci\u00f3n en la ESO (Speaking Assistant).<\/li>\n<li>Actividades de inmersi\u00f3n: teatros, English Week&#8230;<\/li>\n<li>Estancias en el extranjero (Reino Unido e Irlanda).<\/li>\n<li>Grupos reducidos de clase (triplicaciones de curso).<\/li>\n<li>Proyectos Internacionales: Erasmus+.<\/li>\n<li>Actividades extraescolares en ingl\u00e9s en colaboraci\u00f3n con Kids&amp;Us.<br \/>\nBachillerato Americano: Programa Dual, doble titulaci\u00f3n.<\/li>\n<\/ul>\n<p>[\/vc_column_text][vc_empty_space][vc_gallery type=\u00bbimage_grid\u00bb images=\u00bb2555&#8243; img_size=\u00bbmedium\u00bb column_number=\u00bb3&#8243; grayscale=\u00bbno\u00bb images_space=\u00bbgallery_without_space\u00bb]    <\/div>\n<\/div><h4 class=\"clearfix qode-title-holder\">\n<span class=\"qode-tab-title\">\n\t    <span class=\"qode-tab-title-inner\">\n        FRANC\u00c9S    <\/span>\n<\/span>\n<span class=\"qode-accordion-mark\">\n    <span class=\"qode-accordion-mark-icon\">\n        <span class=\"icon_plus\"><\/span>\n        <span class=\"icon_minus-06\"><\/span>\n    <\/span>\n<\/span>\n<\/h4>\n<div  class=\"qode-accordion-content \" >\n    <div class=\"qode-accordion-content-inner\">\n        [vc_column_text]La lengua francesa se incorpora a la oferta de idiomas a lo largo de la ESO como materia optativa. El programa franc\u00e9s se desarrolla a lo largo de los cuatro cursos de la etapa.[\/vc_column_text]    <\/div>\n<\/div><\/div>[vc_empty_space][\/vc_column][\/vc_row][vc_row css_animation=\u00bb\u00bb row_type=\u00bbrow\u00bb use_row_as_full_screen_section=\u00bbno\u00bb type=\u00bbfull_width\u00bb angled_section=\u00bbno\u00bb text_align=\u00bbleft\u00bb background_image_as_pattern=\u00bbwithout_pattern\u00bb css=\u00bb.vc_custom_1673359191879{background-color: #ffffff !important;}\u00bb z_index=\u00bb\u00bb][vc_column][vc_empty_space][\/vc_column][\/vc_row][vc_row css_animation=\u00bb\u00bb row_type=\u00bbrow\u00bb use_row_as_full_screen_section=\u00bbno\u00bb type=\u00bbfull_width\u00bb angled_section=\u00bbno\u00bb text_align=\u00bbleft\u00bb background_image_as_pattern=\u00bbwithout_pattern\u00bb][vc_column][vc_gallery type=\u00bbimage_grid\u00bb images=\u00bb2847,2848,2849,2850&#8243; img_size=\u00bbfull\u00bb column_number=\u00bb4&#8243; grayscale=\u00bbno\u00bb images_space=\u00bbgallery_without_space\u00bb][\/vc_column][\/vc_row]<\/p>\n","protected":false},"excerpt":{"rendered":"<p>[vc_row css_animation=\u00bb\u00bb row_type=\u00bbrow\u00bb use_row_as_full_screen_section=\u00bbno\u00bb type=\u00bbfull_width\u00bb angled_section=\u00bbno\u00bb text_align=\u00bbleft\u00bb background_image_as_pattern=\u00bbwithout_pattern\u00bb][vc_column][qode_elements_holder number_of_columns=\u00bbtwo_columns\u00bb][qode_elements_holder_item advanced_animations=\u00bbno\u00bb][vc_single_image image=\u00bb2846&#8243; img_size=\u00bbfull\u00bb qode_css_animation=\u00bb\u00bb][\/qode_elements_holder_item][qode_elements_holder_item advanced_animations=\u00bbno\u00bb item_padding=\u00bb0px 30px 0px 30px\u00bb background_image=\u00bb1360&#8243;][vc_column_text css=\u00bb.vc_custom_1685008875340{padding-top: 15px !important;padding-right: 15px !important;padding-bottom: 15px !important;padding-left: 15px !important;background-color: rgba(255,255,255,0.71) !important;*background-color: rgb(255,255,255) !important;}\u00bb] Las palabras y una buena comunicaci\u00f3n nos abren las fronteras del mundo &nbsp;&#8230;<\/p>\n","protected":false},"author":1,"featured_media":0,"parent":0,"menu_order":0,"comment_status":"closed","ping_status":"closed","template":"full_width.php","meta":{"footnotes":""},"class_list":["post-3184","page","type-page","status-publish","hentry"],"_links":{"self":[{"href":"https:\/\/bellvitge.escolateresiana.com\/es\/wp-json\/wp\/v2\/pages\/3184","targetHints":{"allow":["GET"]}}],"collection":[{"href":"https:\/\/bellvitge.escolateresiana.com\/es\/wp-json\/wp\/v2\/pages"}],"about":[{"href":"https:\/\/bellvitge.escolateresiana.com\/es\/wp-json\/wp\/v2\/types\/page"}],"author":[{"embeddable":true,"href":"https:\/\/bellvitge.escolateresiana.com\/es\/wp-json\/wp\/v2\/users\/1"}],"replies":[{"embeddable":true,"href":"https:\/\/bellvitge.escolateresiana.com\/es\/wp-json\/wp\/v2\/comments?post=3184"}],"version-history":[{"count":4,"href":"https:\/\/bellvitge.escolateresiana.com\/es\/wp-json\/wp\/v2\/pages\/3184\/revisions"}],"predecessor-version":[{"id":3404,"href":"https:\/\/bellvitge.escolateresiana.com\/es\/wp-json\/wp\/v2\/pages\/3184\/revisions\/3404"}],"wp:attachment":[{"href":"https:\/\/bellvitge.escolateresiana.com\/es\/wp-json\/wp\/v2\/media?parent=3184"}],"curies":[{"name":"wp","href":"https:\/\/api.w.org\/{rel}","templated":true}]}}

<p>[vc_row css_animation=»» row_type=»row» use_row_as_full_screen_section=»no» type=»full_width» angled_section=»no» text_align=»left» background_image_as_pattern=»without_pattern»][vc_column][qode_elements_holder number_of_columns=»two_columns»][qode_elements_holder_item advanced_animations=»no»][vc_single_image image=»2846&#8243; img_size=»full» qode_css_animation=»»][/qode_elements_holder_item][qode_elements_holder_item advanced_animations=»no» item_padding=»0px 30px 0px 30px» background_image=»1360&#8243;][vc_column_text css=».vc_custom_1685008875340{padding-top: 15px !important;padding-right: 15px !important;padding-bottom: 15px !important;padding-left: 15px !important;background-color: rgba(255,255,255,0.71) !important;*background-color: rgb(255,255,255) !important;}»]</p>
<h2><span style="color: #45ac34;">Las palabras y una buena comunicación nos abren las fronteras del mundo</span></h2>
<p>&nbsp;</p>
<p>&nbsp;</p>
<p>En un mundo globalizado como el nuestro, se precisa la adquisición de todas las destrezas comunicativas necesarias para desarrollarse de forma óptima. Así, aprender a hacer un <strong>uso adecuado del lenguaje,</strong> es fundamental en todos los aprendizajes para que éstos sean efectivos.</p>
<p>&nbsp;</p>
<p>El aprendizaje de las lenguas en nuestra escuela se realiza de forma vivencial, a partir de situaciones comunicativas reales.[/vc_column_text][/qode_elements_holder_item][/qode_elements_holder][/vc_column][/vc_row][vc_row css_animation=»» row_type=»row» use_row_as_full_screen_section=»no» type=»grid» angled_section=»no» text_align=»left» background_image_as_pattern=»without_pattern» z_index=»» padding_top=»60&#8243; padding_bottom=»60&#8243;][vc_column][vc_single_image image=»2740&#8243; img_size=»full» alignment=»center» qode_css_animation=»»][vc_column_text]</p>
<h3 class=" ztl-main-font ztl-left ztl-font-normal" style="text-align: center;"><span style="color: #45ac34;">Un aprendizaje que parte del conocimiento de nuestra lengua.</span></h3>
<div>
<p>&nbsp;</p>
<p style="text-align: center;">El desarrollo de nuevas lenguas parte del aprendizaje de las que nos son propias. Por eso, hacemos hincapié en el desarrollo de las competencias comunicativas del alumnado, tanto en <b>catalán</b> como en <b>castellano</b>. El componente transversal de las lenguas garantiza un buen desarrollo de éstas en cualquier ámbito y contexto.</p>
</div>
<p>[/vc_column_text][/vc_column][/vc_row][vc_row css_animation=»» row_type=»row» use_row_as_full_screen_section=»no» type=»grid» angled_section=»no» text_align=»left» background_image_as_pattern=»without_pattern» z_index=»» background_color=»#ffffff»][vc_column][vc_empty_space height=»90px»][vc_column_text]</p>
<h3 style="text-align: center;"><span style="color: #45ac34;">Formación plurilingüe</span></h3>
<p>[/vc_column_text][vc_empty_space height=»90px»][/vc_column][/vc_row][vc_row css_animation=»» row_type=»row» use_row_as_full_screen_section=»no» type=»grid» angled_section=»no» text_align=»left» background_image_as_pattern=»without_pattern» z_index=»» background_color=»#ffffff»][vc_column width=»1/2&#8243;][vc_single_image image=»2752&#8243; img_size=»full» qode_css_animation=»»][/vc_column][vc_column width=»1/2&#8243; css=».vc_custom_1673433258033{background-color: #d9efc6 !important;}»]<div class="qode-accordion-holder clearfix qode-accordion qode-initial ">
	<h4 class="clearfix qode-title-holder">
<span class="qode-tab-title">
	    <span class="qode-tab-title-inner">
        INGLÉS    </span>
</span>
<span class="qode-accordion-mark">
    <span class="qode-accordion-mark-icon">
        <span class="icon_plus"></span>
        <span class="icon_minus-06"></span>
    </span>
</span>
</h4>
<div  class="qode-accordion-content " >
    <div class="qode-accordion-content-inner">
        [vc_column_text]Para educar al alumnado del siglo XXI debemos formar personas <strong>plurilingües</strong>, <strong>competentes</strong> y <strong>rigurosas</strong> en la comunicación. Queremos que nuestro alumnado acabe su etapa escolar utilizando la lengua inglesa de forma fluida (hablar, escribir, leer, escuchar). Por eso contamos con un programa propio de aprendizaje desde Infantil hasta Bachillerato que fortalece el inglés curricular con numerosas actividades e inmersiones, a la vez que prepara a nuestros chicos y chicas para conseguir titulaciones oficiales que acrediten su nivel.</p>
<p>&nbsp;</p>
<ul>
<li>Aumento de horas lectivas de inglés.</li>
<li>Trinity Oxford. Competencia oral al terminar 6º EP.</li>
<li>Auxiliar de conversación en la ESO (Speaking Assistant).</li>
<li>Actividades de inmersión: teatros, English Week&#8230;</li>
<li>Estancias en el extranjero (Reino Unido e Irlanda).</li>
<li>Grupos reducidos de clase (triplicaciones de curso).</li>
<li>Proyectos Internacionales: Erasmus+.</li>
<li>Actividades extraescolares en inglés en colaboración con Kids&amp;Us.<br />
Bachillerato Americano: Programa Dual, doble titulación.</li>
</ul>
<p>[/vc_column_text][vc_empty_space][vc_gallery type=»image_grid» images=»2555&#8243; img_size=»medium» column_number=»3&#8243; grayscale=»no» images_space=»gallery_without_space»]    </div>
</div><h4 class="clearfix qode-title-holder">
<span class="qode-tab-title">
	    <span class="qode-tab-title-inner">
        FRANCÉS    </span>
</span>
<span class="qode-accordion-mark">
    <span class="qode-accordion-mark-icon">
        <span class="icon_plus"></span>
        <span class="icon_minus-06"></span>
    </span>
</span>
</h4>
<div  class="qode-accordion-content " >
    <div class="qode-accordion-content-inner">
        [vc_column_text]La lengua francesa se incorpora a la oferta de idiomas a lo largo de la ESO como materia optativa. El programa francés se desarrolla a lo largo de los cuatro cursos de la etapa.[/vc_column_text]    </div>
</div></div>[vc_empty_space][/vc_column][/vc_row][vc_row css_animation=»» row_type=»row» use_row_as_full_screen_section=»no» type=»full_width» angled_section=»no» text_align=»left» background_image_as_pattern=»without_pattern» css=».vc_custom_1673359191879{background-color: #ffffff !important;}» z_index=»»][vc_column][vc_empty_space][/vc_column][/vc_row][vc_row css_animation=»» row_type=»row» use_row_as_full_screen_section=»no» type=»full_width» angled_section=»no» text_align=»left» background_image_as_pattern=»without_pattern»][vc_column][vc_gallery type=»image_grid» images=»2847,2848,2849,2850&#8243; img_size=»full» column_number=»4&#8243; grayscale=»no» images_space=»gallery_without_space»][/vc_column][/vc_row]</p>

<p>[vc_row css_animation=»» row_type=»row» use_row_as_full_screen_section=»no» type=»full_width» angled_section=»no» text_align=»left» background_image_as_pattern=»without_pattern»][vc_column][qode_elements_holder number_of_columns=»two_columns»][qode_elements_holder_item advanced_animations=»no»][vc_single_image image=»2846&#8243; img_size=»full» qode_css_animation=»»][/qode_elements_holder_item][qode_elements_holder_item advanced_animations=»no» item_padding=»0px 30px 0px 30px» background_image=»1360&#8243;][vc_column_text css=».vc_custom_1685008875340{padding-top: 15px !important;padding-right: 15px !important;padding-bottom: 15px !important;padding-left: 15px !important;background-color: rgba(255,255,255,0.71) !important;*background-color: rgb(255,255,255) !important;}»] Las palabras y una buena comunicación nos abren las fronteras del mundo &nbsp;&#8230;</p>
